 r.
10
Calculate the remainder when (-11)/(6 - (-43)/(-7)) is divided by 5.
2
Let o(n) = -90 - 723*n + 676*n - 5*n**2 + 32*n**2. What is the remainder when o(-2) is divided by 13?
8
Let p(f) = -11*f + 94*f**2 + 32*f - 93*f**2 + 65. Suppose 0 = 3*k - 200 + 50. What is the remainder when k is divided by p(-19)?
23
What is the remainder when 227 is divided by ((-366)/(-244))/(2/4) - -102?
17
Suppose -4*z - b + 7 = -14, z - b = -1. Suppose -z*i + 3 = -3*u + 21, 0 = -3*u + 2*i + 12. What is the remainder when 51 is divided by u?
1
Suppose 216 = 3*s + 2*z, 2*s - 44*z - 176 = -40*z. Calculate the remainder when 230 is divided by s.
2
Suppose 0 = -2*l + 10*l + 3*l. Suppose l = 5*n - 4*q - 340, -q - 3*q = 2*n - 164. What is the remainder when 215 is divided by n?
71
Let i(v) = -3*v**3 - 81*v**2 + 52*v + 450. What is the remainder when i(-28) is divided by 25?
21
Let v = 166 + -147. Suppose -33 + 3 = -6*y. Suppose -3*q + y*l = -v - 21, l = 3*q - 44. What is the remainder when 117 is divided by q?
12
Suppose -4*k - 3*x + 16 = 0, k - 13 = -3*x - 9. Suppose 4*q = k*p + 3 - 11, p - 17 = -4*q. Calculate the remainder when 70 is divided by q.
1
Let h be -1 - ((-9 - 3) + 8). Suppose -h*b - 91 + 322 = 3*u, 5*b = 5*u + 395. Calculate the remainder when b is divided by 43.
35
Let m(l) = -12*l - 36. Calculate the remainder when m(-4) is divided by (-644)/(-46)*(-1)/(-2).
5
Suppose -1361*r + 25058 + 14088 = -1324*r. What is the remainder when r is divided by 106?
104
Calculate the remainder when 215/129*241/(-10)*-12 is divided by 7.
6
Suppose 4*b + 250 = -0*h + 3*h, -2*h + 176 = -5*b. What is the remainder when 388 is divided by h?
76
Suppose 2*s = -34*l + 32*l - 8, 5*l + 8 = s. What is the remainder when (45859/(-242))/(1/s) is divided by 10?
9
Let m = 306 - 292. Suppose -4*c + m*c - 190 = 0. What is the remainder when (12/(-14))/((-1)/42) is divided by c?
17
Let w(t) = -4*t + 61. Let l(v) = -2. Let z(r) = -3*l(r) + w(r). Calculate the remainder when 119 is divided by z(9).
26
Calculate the remainder when 397 is divided by 1*5 + (-3 - (-2 + 3 + -8)).
1
Suppose 4*p + p - 2*d - 182 = 0, 0 = 4*p + 3*d - 141. Suppose 10*g + 15*g + 11*g = 6084. Calculate the remainder when g is divided by p.
25
Suppose -2*d + 5 - 59 = -2*h, -33 = -2*h - 5*d. Suppose 2*z - 466 = -2*g, z - 229 = 25*g - 28*g. Calculate the remainder when z is divided by h.
19
Let v = 2330 + -2297. Let r(t) = -t**3 - 2*t**2 - 2*t + 4. Calculate the remainder when v is divided by r(-3).
14
Let k = 22340 + -22263. Calculate the remainder when 1680 is divided by k.
63
Let a be ((-140)/(-56))/(2/(-4)). Let w(z) = -z**2 - 7*z - 10. Let i be w(a). Suppose 0 = -i*n + n - 13. What is the remainder when 36 is divided by n?
10
What is the remainder when 720 is divided by -498*(13 + (-158)/12)?
56
Suppose 505*p = 503*p + 488. Calculate the remainder when p is divided by 68.
40
Let g(n) = 3*n**2 - 26*n - 26. Suppose -140 = 539*q - 549*q. Calculate the remainder when g(q) is divided by 25.
23
Let c(b) be the first derivative of -b**3/3 + b**2/2 + 32*b - 219. Calculate the remainder when c(-4) is divided by 10.
2
Let q = -4322 + 4399. What is the remainder when 468 is divided by q?
6
Suppose 0 = a + 3*d - 86, -3*d - d - 79 = -a. Suppose -36*r = -32*r + 1360. Calculate the remainder when a is divided by 0 + 8/12 - r/12.
25
Let a(d) = -19*d - 40. Let z be (-3 - (-4)/2)*-4. Suppose z*g + 3*g = -70. What is the remainder when a(g) is divided by 19?
17
Let w = -4575 + 4749. Calculate the remainder when w is divided by 28.
6
Suppose -2*x + 102 = 4*u, 5*u = -3*x + 201 - 74. Suppose m - 263 = -y, u*m - 30*m - y + 1046 = 0. What is the remainder when m is divided by 44?
41
Suppose 2238 = 86*n + 604. What is the remainder when 6818 is divided by n?
16
Suppose 4*q - 3*q - 5*x + 8 = 0, 3*x = -4*q + 37. Suppose -2*n + 181 = 5*d, -4*d + 3*n + 13 = -95. What is the remainder when d is divided by q?
5
Let d = 67 + -77. Let i(j) = -j - 6. Let c be i(d). Suppose 3*o + 84 = 5*n, 0 = -n - c*o + 3. Calculate the remainder when 42 is divided by n.
12
Let g = 7332 - 7290. What is the remainder when 4073 is divided by g?
41
Suppose -27*l + 74912 = 57389. What is the remainder when l is divided by 176?
121
Let j be (96/80)/(4*2/(-60)). Let q(c) = 2*c**3 + 18*c**2 + 44. Calculate the remainder when 50 is divided by q(j).
6
Let t = 16683 - 16571. Calculate the remainder when 559 is divided by t.
111
Let l be (-15 - -7)/(-8) + 47. Let d(a) = 2*a**2 + a + 3. What is the remainder when (44*-1)/((-24)/l) is divided by d(-4)?
26
Let l be 57/6 + (-3)/(-6) + 0. Let c(v) = v**3 - 10*v**2 + 2*v - 14. Let q be c(l). Suppose j - q*j = -115. What is the remainder when 60 is divided by j?
14
Let f(v) = 198*v + 461. Calculate the remainder when 283 is divided by f(-2).
23
Suppose 10 = 68*h - 66*h. Suppose -h*c - 187 = -3*j - 37, -c = 3. What is the remainder when j is divided by 34?
11
Suppose 119*w + 6916 - 9896 - 8920 = 0. What is the remainder when 4695 is divided by w?
95
Let u be (-1 - 76/(-12)) + (-2)/(-3). Let z(t) = u*t - t - 5 + 0 + 2. Calculate the remainder when 47 is divided by z(2).
5
Suppose -74*c - 10*c + 41076 = 0. Calculate the remainder when c is divided by 48.
9
What is the remainder when 33/((-2)/(-5) + 2726/(-7990)) is divided by 195?
171
Suppose 8 = -5*d - 4*i + 99, 3*d + 5*i = 52. Calculate the remainder when 78 is divided by d.
2
Suppose 0 = -5*v + 21 + 39. What is the remainder when v/2*(2 - (-22)/6) is divided by ((-12)/7)/(4/(-28))?
10
Suppose -2*u = 2*h - 268, 16*u - 12*u = 0. Let w = -84 + h. Suppose -w = 2*v - 7*v. What is the remainder when 37 is divided by v?
7
Let r(w) = 27*w - 56. Suppose 12 = 3*t, 0*t - 5*t + 30 = 2*d. What is the remainder when r(d) is divided by 18?
7
Let t(m) = 24*m**2 + 48*m + 179. Calculate the remainder when t(-9) is divided by 188.
187
Suppose -4*c - 623 = -l, 4037*l + 1799 = 4040*l - 2*c. Calculate the remainder when l is divided by 159.
118
Let z(g) = -g**3 - 3*g**2 - g - 4. Suppose -18 = -3*t, -84*d + 81*d + 51 = t. What is the remainder when z(-5) is divided by d?
6
Let n(r) = -r**3 - 23*r**2 + 48*r + 14. Let o be (-228)/9 - 5/(-15). Calculate the remainder when n(o) is divided by 15.
4
Let q = 80 - 41. Suppose -x + q - 3 = 0. Suppose 19*w - 22*w = -207. Calculate the remainder when w is divided by x.
33
Let i = -23 - 14. Let l = i - -56. Calculate the remainder when -8 - (-476)/(-42)*(-105)/10 is divided by l.
16
Let n(s) = 20*s - 50. Let i(y) = -5*y - 49. Let z be i(-11). Calculate the remainder when n(z) is divided by 5.
0
Suppose -11*k + 7114 = -3127. Suppose -k + 137 = -4*y - i, 0 = -y + 2*i + 194. Let c = y + -138. What is the remainder when c is divided by 9?
6
Let l = 99 - 27. Suppose 2*y = -0 - 10. Let h = y + l. Calculate the remainder when h is divided by 17.
16
Suppose 0 = 150*g - 129*g + 588. What is the remainder when 99 is divided by (-732)/g - 1/7?
21
Let h(q) = -6*q**2 - 621*q + 239. Calculate the remainder when h(-103) is divided by 283.
265
Let c = -1 + 9. Suppose 125*h - 3171 + 685 = 1639. What is the remainder when h is divided by c?
1
Suppose 6*r - n = 4*r + 10, 2*n + 24 = 5*r. Suppose -s - 4*q = -27, -2*s = -r*s - 4*q + 62. Let l = 49 - s. Calculate the remainder when 54 is divided by l.
12
Suppose 3*y + 1410 = -3*g, -4*y - 28 = -16. Let x = g + 481. Let h(i) = 3*i**2 + 5*i - 4. What is the remainder when h(3) is divided by x?
10
What is the remainder when 148 is divided by (-6)/(-10)*(-85)/17*137/(-3)?
11
Suppose 7*r - 1932 + 1526 = 0. Let f(z) = -5*z**3 - 2*z**2 + z - 4. What is the remainder when f(-3) is divided by r?
52
Let n = -145 + 147. Suppose -p + 12 = -w - n*w, 0 = -5*p - 4*w + 41. What is the remainder when 330 is divided by p?
6
Suppose 40*g - 217*g = -12213. Calculate the remainder when 963 is divided by g.
66
Let w = 102 - 6. Let r = 103 + -92. Calculate the remainder when w is divided by r.
8
Let c(u) = -1003*u + 211. Calculate the remainder when c(0) is divided by 66.
13
Let r = 172 - 353. What is the remainder when ((-63)/72 - 1/8)*r is divided by 7?
6
Let x(c) = 8*c + 37. Suppose -5*p - 3*j + 23 = -44, 5*p = 5*j + 35. What is the remainder when x(p) is divided by 43?
39
Suppose -p + 4 = -25. Suppose 44*w - 30 = 46*w. Calculate the remainder when p is 